divided by 21?
18
Let n = -5253 + 6320. What is the remainder when n is divided by 27?
14
Suppose -29*l + 3*t = -33*l - 5, l + 3*t - 10 = 0. What is the remainder when 179 - (1/l + (-264)/55) is divided by 19?
13
Suppose -5*l - 4*a = -217, 133 - 49 = 2*l + 3*a. What is the remainder when 128 is divided by l?
38
Let a = -128 + 113. Let l = 7 - a. Calculate the remainder when 103 is divided by l.
15
Let s(t) = t**3 + 11*t**2 - 67. Calculate the remainder when 743 is divided by s(-8).
118
Suppose 1 + 4 = -r, 4*z + 2*r = 26. What is the remainder when 67 is divided by 4 - (9 + -49 + z)?
32
Suppose -76*k = 4*b - 77*k - 111, -5*k - 35 = 0. Calculate the remainder when 8993 is divided by b.
23
Let h be (-43)/215*(0 - 0). Suppose -2*j - 229 = -3*r, h*j = 2*r - 3*j - 151. Calculate the remainder when 534 is divided by r.
72
Let m be (-6)/(-16) - 14391/104. Let f = -106 - m. What is the remainder when 60 is divided by f?
28
Let x(h) be the second derivative of 41*h**4/6 + h**3/2 - h**2 - 8*h. Let g be x(1). What is the remainder when ((-2)/(-2) - g)/(-1) is divided by 21?
19
Let c(n) = -4*n + 17. Let g be c(8). Let a = -10 - g. Suppose 2*i = -2*m + 38, 4*m - 79 = 2*i - a*i. What is the remainder when m is divided by 9?
4
Let x(p) = p**2 - 13*p + 35. Suppose 19 = m - 4*n, -3*n + 16 = 10*m - 8*m. Calculate the remainder when 31 is divided by x(m).
5
Calculate the remainder when 198/165*-5 - (1 - (204 - -1)) is divided by -1 + 1 - 25*-1.
23
Let s(y) = 9*y**2 + y + 1. Suppose -5*x = -2*b - 12 + 6, 8 = 2*x + 2*b. What is the remainder when s(x) is divided by 21?
18
Let w be 4 - (-25)/2 - (-1)/(-2). Let x be (-128)/24 + 6 + w/3. Suppose x*c + 9*c - 1245 = 0. Calculate the remainder when c is divided by 14.
13
Let y = 5 - 7. Let f be -6 - y - 2*-2. Suppose -6*d + 325 + 335 = f. What is the remainder when d is divided by 37?
36
Suppose 14*g - 13*g = 2*o - 107, 951 = 18*o + 3*g. Suppose -3*s + 0*s = -204. What is the remainder when s is divided by o?
15
Let a = -18 - -121. Let u be (-256)/(-3) - (2/(-3))/(-2). Suppose -4*w + a = -u. What is the remainder when w is divided by 16?
15
Suppose 0 = 5*v, -3*v - 25 = -5*a + v. Let r = 22 - a. Calculate the remainder when r is divided by (10 - 11 - 5)/(-3).
1
Let o = -146 - -265. Suppose 2*a - 8*a = -60. Calculate the remainder when o is divided by 1 + a + -2 - (7 + -10).
11
Let j = 79 - 79. Suppose -2*a - a - 2*s + 17 = 0, j = 5*a + s - 19. What is the remainder when 4 is divided by a?
1
Calculate the remainder when (2923 + -162)*(-6)/(-11) is divided by 63.
57
Let i be (12/(-18))/((-1)/(-3)). Let l be (-3 + 2)*6*(i + 4). What is the remainder when 442/12 + (-2)/l is divided by 20?
17
Let j(d) = -d**3 + 129. Suppose 3*w + 2*y - 29 = 68, 5*y + 38 = w. What is the remainder when j(0) is divided by w?
30
Suppose 4*b + 4*d + 52 = 0, 3*b - 2*d + 19 = -d. What is the remainder when 16 is divided by 2/b + ((-222)/(-8))/3?
7
Suppose -2*j - v = v - 88, 3*j + 4*v - 137 = 0. Let q be 28 + -23 - -1*3. Suppose 153 = q*h + 33. What is the remainder when j is divided by h?
9
Calculate the remainder when ((2/(-3))/((-176)/264))/((-2)/(-102)) is divided by 23.
5
Let h(l) = -l**2 + 95*l + 444. Calculate the remainder when h(87) is divided by 375.
15
Suppose 3*a - 6*a = -3*g + 17808, 5*a - 20 = 0. Suppose 13*k - g = 6371. What is the remainder when k is divided by 19?
16
Let j(b) = -3*b + 8. Let f be j(2). Suppose -5*p - 7*v = -f*v - 535, -549 = -5*p + 2*v. Calculate the remainder when p is divided by 14.
11
Let f(m) = 8*m**3 + m**2 - 2. Let o = -323 + 324. Calculate the remainder when f(o) is divided by 3.
1
Suppose -5*u - 155 = -10*u. Suppose -528 = 7*z - 13*z. Calculate the remainder when z is divided by u.
26
Let l = -10227 + 11809. What is the remainder when l is divided by 83?
5
Suppose -198*r + 67*r + 295143 = 0. Calculate the remainder when r is divided by 9.
3
Let i = -93393 + 93460. Calculate the remainder when (-1)/4 + (-2259)/(-12) is divided by i.
54
Suppose 114 = 2*w - 5*v, -31 = 4*v - 23. What is the remainder when 1191 is divided by w?
47
Let g(v) = -4*v + 113. Let k be g(22). Suppose 7*d = k*d - 1782. What is the remainder when d is divided by 27?
18
Suppose -1529 = 521*i - 4655. Calculate the remainder when (406/(-6) - -2)*-3 is divided by i.
5
Let v(c) = -c**3 + 7*c**2 + 6. Let b = 4624 - 3749. Calculate the remainder when b is divided by v(7).
5
Suppose m - 1 = -5, g = 2*m + 20. Suppose 42 = -249*u + 255*u. Suppose -6*k + u*k - 325 = -4*y, -4 = -4*k. What is the remainder when y is divided by g?
9
Let j be (-836)/(-8) + (-4)/8. Let k = j + -30. Let s(g) = g**3 + 21. Calculate the remainder when k is divided by s(0).
11
Suppose 905 = 17*w - 1645. What is the remainder when 2542 is divided by w?
142
Let p = 65 - 59. Suppose 296 = 5*c - 3*s, 117*c - 114*c = -5*s + 164. What is the remainder when c is divided by p?
4
Suppose 67 = -a + 353. Suppose -17*m = -a + 14. Calculate the remainder when 22 is divided by m.
6
Let w be 9/(-5 - -8) + (-8)/1. Let p = 273 + w. Calculate the remainder when p is divided by 27.
25
Let n(k) = 12*k**2 + 10*k - 34. Let q be n(-8). Let d = 663 - q. Calculate the remainder when 19 is divided by d.
1
Suppose 52*f + 11*f + 240 = 2319. Calculate the remainder when 247 is divided by f.
16
Let t = -552 - -549. Let j(b) = 42*b + 141. Calculate the remainder when 297 is divided by j(t).
12
Let f = 826 - 136. Let n = f + -669. Suppose 5*i - 249 = 2*i. What is the remainder when i is divided by n?
20
Suppose -3*o - o = 16, -397 = -5*g + 3*o. Let s = g + -70. What is the remainder when s is divided by 3?
1
Let r(t) = -294*t + 236. Let h be r(-6). Suppose -16*k + 12*k - 3284 = -5*m, -3*m - 5*k = -h. What is the remainder when m is divided by 95?
90
Suppose 0 = 10*i + 38 - 468. What is the remainder when 135 is divided by i?
6
Let f(l) = l**2 + 2*l - 68. Suppose 24 + 192 = 27*p. Calculate the remainder when 33 is divided by f(p).
9
Let z be (-6)/21 + (-549)/63. Let y(o) = 2*o**3 + 23*o**2 + 8*o - 32. What is the remainder when y(z) is divided by 38?
35
What is the remainder when (97 - 20) + (-14)/(5 + -3) is divided by 38?
32
Let p be 18/(-30)*-5 + (-4)/(-2). Suppose 3*d - 2*d = p*a - 55, -d - 7 = -a. What is the remainder when 167 is divided by a?
11
Let k = 182 - 94. Let q(a) = -a**3 + 9*a**2 - 20*a + 36. Let w be q(6). Let x = k - w. Calculate the remainder when x is divided by 13.
12
Calculate the remainder when 2532 is divided by (-169)/3*(((-270)/18 - 0) + 12).
166
Suppose -7*t = -3*t - 292. Suppose 0 = -4*g + 6*q + 2324, 15*g + 3*q = 18*g - 1743. Calculate the remainder when g is divided by t.
70
Let p be (-4 - 45/(-10))*82. Let v = p + -39. Suppose -32 + 4 = -v*m. What is the remainder when 24 is divided by m?
10
Let o be 673/(-2) - 25/(-50). Suppose -4*l + 13 + 47 = 0. What is the remainder when o/(-9) + (-5)/l is divided by 8?
5
Let f = 23 + 8. Let z = 35 - f. Suppose -16 = -p + 3*s, s + 6 = z*s. What is the remainder when p is divided by 8?
6
Let i = -41 + 32. Let v be (-12)/20 + i/(-15). Suppose -z + 4 = v, 2*g = 7*g - 3*z - 618. Calculate the remainder when g is divided by 16.
14
Let a = 2923 - 2764. Calculate the remainder when 643 is divided by a.
7
Suppose -9*l = -47 - 43. Suppose 41 = l*v - 39. Suppose 2*i + 3*u = 253, 4*u + 424 = 5*i - 266. What is the remainder when i is divided by v?
6
Let n(p) = p**3 + 10*p**2 - 11*p + 23. Let d be n(-8). Suppose 4*j - 17 = d. Calculate the remainder when j is divided by 27.
10
Let m(r) = 276*r**3 + r**2 + 6*r - 4. What is the remainder when m(1) is divided by 130?
19
Suppose 0 = -61*v + 9*v + 79830 - 23566. What is the remainder when v is divided by 5?
2
Let z(k) = 2*k**3 - 3 - 10 - 3 - 5*k + 6 - 3*k**2. Calculate the remainder when z(6) is divided by 18.
14
Let g(b) = 5*b**2 - 18*b - 65. Let k(z) = 8*z**2 - 37*z - 131. Let v(m) = -5*g(m) + 3*k(m). What is the remainder when 39 is divided by v(-5)?
3
Suppose -5*v = -2*l + 6*l - 520, 0 = -2*v. Suppose 0 = 9*p - 7*p - l. Let m = 49 - 16. Calculate the remainder when p is divided by m.
32
Let u(j) = -j**3 + 7*j**2 - 6*j. Let r be u(4). Calculate the remainder when (6 + 3)*344/r is divided by 22.
19
Suppose 0 = 128*x - 13*x - 117300. Calculate the remainder when x is divided by 57.
51
Suppose 11*d - 1